{"id":331,"date":"2024-07-29T17:40:04","date_gmt":"2024-07-29T17:40:04","guid":{"rendered":"https:\/\/adrianamorenoacosta.com\/?page_id=331"},"modified":"2024-07-29T17:44:43","modified_gmt":"2024-07-29T17:44:43","slug":"a-nation-without-borders","status":"publish","type":"page","link":"https:\/\/adrianamorenoacosta.com\/index.php\/a-nation-without-borders\/","title":{"rendered":"A Nation Without Borders"},"content":{"rendered":"\t\t<div data-elementor-type=\"wp-page\" data-elementor-id=\"331\" class=\"elementor elementor-331\">\n\t\t\t\t<div class=\"elementor-element elementor-element-b4baaa6 e-flex e-con-boxed e-con e-parent\" data-id=\"b4baaa6\" data-element_type=\"container\">\n\t\t\t\t\t<div class=\"e-con-inner\">\n\t\t\t\t<div class=\"elementor-element elementor-element-854bcb5 elementor-widget elementor-widget-heading\" data-id=\"854bcb5\" data-element_type=\"widget\" data-widget_type=\"heading.default\">\n\t\t\t\t<div class=\"elementor-widget-container\">\n\t\t\t\t\t<h1 class=\"elementor-heading-title elementor-size-default\"> A Nation without borders<\/h1>\t\t\t\t<\/div>\n\t\t\t\t<\/div>\n\t\t\t\t<div class=\"elementor-element elementor-element-8e8a857 elementor-widget elementor-widget-heading\" data-id=\"8e8a857\" data-element_type=\"widget\" data-widget_type=\"heading.default\">\n\t\t\t\t<div class=\"elementor-widget-container\">\n\t\t\t\t\t<h2 class=\"elementor-heading-title elementor-size-default\">Video<\/h2>\t\t\t\t<\/div>\n\t\t\t\t<\/div>\n\t\t\t\t<div class=\"elementor-element elementor-element-0b38920 elementor-widget elementor-widget-heading\" data-id=\"0b38920\" data-element_type=\"widget\" data-widget_type=\"heading.default\">\n\t\t\t\t<div class=\"elementor-widget-container\">\n\t\t\t\t\t<p class=\"elementor-heading-title elementor-size-default\">Ejercicio de investigaci\u00f3n-creaci\u00f3n audiovisual. Video collage a partir de im\u00e1genes propias tomadas en \u201cPlayas\u201d frontera entre M\u00e9xico y Estados Unidos mezcladas con im\u00e1genes de discursos antimigraci\u00f3n hechos por Donald Trump<\/p>\t\t\t\t<\/div>\n\t\t\t\t<\/div>\n\t\t\t\t\t<\/div>\n\t\t\t\t<\/div>\n\t\t<div class=\"elementor-element elementor-element-54170ba e-flex e-con-boxed e-con e-parent\" data-id=\"54170ba\" data-element_type=\"container\">\n\t\t\t\t\t<div class=\"e-con-inner\">\n\t\t<div class=\"elementor-element elementor-element-19cbe8e e-grid e-con-full e-con e-child\" data-id=\"19cbe8e\" data-element_type=\"container\">\n\t\t\t\t<div class=\"elementor-element elementor-element-28b019f elementor-widget__width-initial elementor-widget elementor-widget-image\" data-id=\"28b019f\" data-element_type=\"widget\" data-widget_type=\"image.default\">\n\t\t\t\t<div class=\"elementor-widget-container\">\n\t\t\t\t\t\t\t\t\t\t\t\t\t\t\t<img fetchpriority=\"high\" decoding=\"async\" width=\"1028\" height=\"637\" src=\"https:\/\/adrianamorenoacosta.com\/wp-content\/uploads\/2024\/07\/Screenshot-2024-07-29-102130.png\" class=\"attachment-full size-full wp-image-323\" alt=\"\" srcset=\"https:\/\/adrianamorenoacosta.com\/wp-content\/uploads\/2024\/07\/Screenshot-2024-07-29-102130.png 1028w, https:\/\/adrianamorenoacosta.com\/wp-content\/uploads\/2024\/07\/Screenshot-2024-07-29-102130-300x186.png 300w, https:\/\/adrianamorenoacosta.com\/wp-content\/uploads\/2024\/07\/Screenshot-2024-07-29-102130-1024x635.png 1024w, https:\/\/adrianamorenoacosta.com\/wp-content\/uploads\/2024\/07\/Screenshot-2024-07-29-102130-768x476.png 768w\" sizes=\"(max-width: 1028px) 100vw, 1028px\" \/>\t\t\t\t\t\t\t\t\t\t\t\t\t\t\t<\/div>\n\t\t\t\t<\/div>\n\t\t\t\t<div class=\"elementor-element elementor-element-5ad122d elementor-widget elementor-widget-image\" data-id=\"5ad122d\" data-element_type=\"widget\" data-widget_type=\"image.default\">\n\t\t\t\t<div class=\"elementor-widget-container\">\n\t\t\t\t\t\t\t\t\t\t\t\t\t\t\t<img decoding=\"async\" width=\"1024\" height=\"580\" src=\"https:\/\/adrianamorenoacosta.com\/wp-content\/uploads\/2024\/07\/Screenshot-2024-07-29-103022-1024x580.png\" class=\"attachment-large size-large wp-image-324\" alt=\"\" srcset=\"https:\/\/adrianamorenoacosta.com\/wp-content\/uploads\/2024\/07\/Screenshot-2024-07-29-103022-1024x580.png 1024w, https:\/\/adrianamorenoacosta.com\/wp-content\/uploads\/2024\/07\/Screenshot-2024-07-29-103022-300x170.png 300w, https:\/\/adrianamorenoacosta.com\/wp-content\/uploads\/2024\/07\/Screenshot-2024-07-29-103022-768x435.png 768w, https:\/\/adrianamorenoacosta.com\/wp-content\/uploads\/2024\/07\/Screenshot-2024-07-29-103022.png 1172w\" sizes=\"(max-width: 1024px) 100vw, 1024px\" \/>\t\t\t\t\t\t\t\t\t\t\t\t\t\t\t<\/div>\n\t\t\t\t<\/div>\n\t\t\t\t<\/div>\n\t\t<div class=\"elementor-element elementor-element-88ba65a e-con-full e-flex e-con e-child\" data-id=\"88ba65a\" data-element_type=\"container\">\n\t\t\t\t<div class=\"elementor-element elementor-element-ad52ab4 elementor-widget elementor-widget-video\" data-id=\"ad52ab4\" data-element_type=\"widget\" data-settings=\"{&quot;video_type&quot;:&quot;vimeo&quot;}\" data-widget_type=\"video.default\">\n\t\t\t\t<div class=\"elementor-widget-container\">\n\t\t\t\t\t\t\t<div class=\"elementor-wrapper elementor-open-inline\">\n\t\t\t<iframe class=\"elementor-video-iframe\" allowfullscreen allow=\"clipboard-write\" title=\"Reproductor de v\u00eddeo vimeo\" src=\"https:\/\/player.vimeo.com\/video\/329397206?color&amp;autopause=0&amp;loop=0&amp;muted=0&amp;title=1&amp;portrait=1&amp;byline=1#t=\"><\/iframe>\t\t<\/div>\n\t\t\t\t\t\t<\/div>\n\t\t\t\t<\/div>\n\t\t\t\t<\/div>\n\t\t\t\t\t<\/div>\n\t\t\t\t<\/div>\n\t\t\t\t<\/div>\n\t\t","protected":false},"excerpt":{"rendered":"<p>A Nation without borders Video Ejercicio de investigaci\u00f3n-creaci\u00f3n audiovisual. Video collage a partir de im\u00e1genes propias tomadas en \u201cPlayas\u201d frontera [&hellip;]<\/p>\n","protected":false},"author":1,"featured_media":0,"parent":0,"menu_order":0,"comment_status":"closed","ping_status":"closed","template":"","meta":{"site-sidebar-layout":"no-sidebar","site-content-layout":"","ast-site-content-layout":"full-width-container","site-content-style":"default","site-sidebar-style":"default","ast-global-header-display":"","ast-banner-title-visibility":"","ast-main-header-display":"","ast-hfb-above-header-display":"","ast-hfb-below-header-display":"","ast-hfb-mobile-header-display":"","site-post-title":"disabled","ast-breadcrumbs-content":"","ast-featured-img":"disabled","footer-sml-layout":"","theme-transparent-header-meta":"","adv-header-id-meta":"","stick-header-meta":"","header-above-stick-meta":"","header-main-stick-meta":"","header-below-stick-meta":"","astra-migrate-meta-layouts":"default","ast-page-background-enabled":"default","ast-page-background-meta":{"desktop":{"background-color":"var(--ast-global-color-4)","background-image":"","background-repeat":"repeat","background-position":"center center","background-size":"auto","background-attachment":"scroll","background-type":"","background-media":"","overlay-type":"","overlay-color":"","overlay-opacity":"","overlay-gradient":""},"tablet":{"background-color":"","background-image":"","background-repeat":"repeat","background-position":"center center","background-size":"auto","background-attachment":"scroll","background-type":"","background-media":"","overlay-type":"","overlay-color":"","overlay-opacity":"","overlay-gradient":""},"mobile":{"background-color":"","background-image":"","background-repeat":"repeat","background-position":"center center","background-size":"auto","background-attachment":"scroll","background-type":"","background-media":"","overlay-type":"","overlay-color":"","overlay-opacity":"","overlay-gradient":""}},"ast-content-background-meta":{"desktop":{"background-color":"var(--ast-global-color-5)","background-image":"","background-repeat":"repeat","background-position":"center center","background-size":"auto","background-attachment":"scroll","background-type":"","background-media":"","overlay-type":"","overlay-color":"","overlay-opacity":"","overlay-gradient":""},"tablet":{"background-color":"var(--ast-global-color-5)","background-image":"","background-repeat":"repeat","background-position":"center center","background-size":"auto","background-attachment":"scroll","background-type":"","background-media":"","overlay-type":"","overlay-color":"","overlay-opacity":"","overlay-gradient":""},"mobile":{"background-color":"var(--ast-global-color-5)","background-image":"","background-repeat":"repeat","background-position":"center center","background-size":"auto","background-attachment":"scroll","background-type":"","background-media":"","overlay-type":"","overlay-color":"","overlay-opacity":"","overlay-gradient":""}},"footnotes":""},"class_list":["post-331","page","type-page","status-publish","hentry"],"_links":{"self":[{"href":"https:\/\/adrianamorenoacosta.com\/index.php\/wp-json\/wp\/v2\/pages\/331","targetHints":{"allow":["GET"]}}],"collection":[{"href":"https:\/\/adrianamorenoacosta.com\/index.php\/wp-json\/wp\/v2\/pages"}],"about":[{"href":"https:\/\/adrianamorenoacosta.com\/index.php\/wp-json\/wp\/v2\/types\/page"}],"author":[{"embeddable":true,"href":"https:\/\/adrianamorenoacosta.com\/index.php\/wp-json\/wp\/v2\/users\/1"}],"replies":[{"embeddable":true,"href":"https:\/\/adrianamorenoacosta.com\/index.php\/wp-json\/wp\/v2\/comments?post=331"}],"version-history":[{"count":4,"href":"https:\/\/adrianamorenoacosta.com\/index.php\/wp-json\/wp\/v2\/pages\/331\/revisions"}],"predecessor-version":[{"id":341,"href":"https:\/\/adrianamorenoacosta.com\/index.php\/wp-json\/wp\/v2\/pages\/331\/revisions\/341"}],"wp:attachment":[{"href":"https:\/\/adrianamorenoacosta.com\/index.php\/wp-json\/wp\/v2\/media?parent=331"}],"curies":[{"name":"wp","href":"https:\/\/api.w.org\/{rel}","templated":true}]}}